 = -2*c - 3*r + 2853, 4*r = 5*c - 0*r - 7121. What are the prime factors of c?
3, 5, 19
Let b = 6587 - 2837. What are the prime factors of (2/4)/(25/b)?
3, 5
Let u(a) = 22 - 2*a + 4*a - a. Let r(b) = 10*b**3 - 3*b**2 - b + 1. Let t be r(-1). What are the prime factors of u(t)?
11
Let q = -9 - -161. Suppose 0 = -3*x + 9, 5*d = -0*d - 4*x + q. What are the prime factors of d?
2, 7
Suppose -48113 + 11825 = -8*r. What are the prime factors of r?
2, 3, 7
Let h be -1*1 - 50/(-2). Let g(t) = 3*t**2 - 56*t - 16. Let p be g(19). Let c = p + h. List the prime factors of c.
3
Let f = -2626 - -4413. What are the prime factors of f?
1787
Let x = 70 + 457. What are the prime factors of x?
17, 31
Let c(k) = 27*k - 109. What are the prime factors of c(14)?
269
List the prime factors of 15/6*(-1944)/(-10).
2, 3
Suppose 12 = 2*s + 2*s. Suppose -22 = s*y - 43. What are the prime factors of y?
7
What are the prime factors of ((-114)/(-4))/(16133/2686 + -6)?
3, 19, 79
Suppose 0 = -4*b - 5*d + 7619, 1083 + 825 = b - 2*d. List the prime factors of b.
2, 953
Suppose 3*j = p - 8, 0 = -p - 3*j + 2. Suppose 2*f + 3*r = -24, -p*f + r - 5*r - 46 = 0. List the prime factors of 19/((f - -3) + 4).
19
Suppose 0 = -5*c - 25, t + 2*c + 34 = -3*t. Let y be (t/4)/(4/(-24)). What are the prime factors of (-6)/4*(-96)/y?
2
Suppose 2*s + 3*u = 1680, 4*s - 9*u = -4*u + 3360. List the prime factors of s.
2, 3, 5, 7
Suppose -2*g - 2*y + 10 = 0, 0 = -3*g - 2*g - y + 13. Suppose -213 = 3*m + 3*i - 774, -g*m - 5*i + 368 = 0. List the prime factors of m.
3, 7
Suppose -5*h + q = 3*q + 96, 0 = 2*h + 5*q + 30. Let r = 35 + -59. Let n = h - r. List the prime factors of n.
2
Let r(i) = i**2 - 22*i + 139. List the prime factors of r(20).
3, 11
Suppose 4*b - 107 = 5*c, -4*b + 0*b + 84 = -4*c. Let m = 7 + c. Let q = m - -34. What are the prime factors of q?
2, 3
Let i = -35 + 57. Let m = -9 + i. Let n = m + 36. List the prime factors of n.
7
Let c(f) = -f**3 - 5 + 6*f + 5*f - 13*f + 0 - 2*f**2. What are the prime factors of c(-5)?
2, 5
Let k = 22 + -26. Let u be 24/(-15)*(-70)/k. Let q = u + 59. List the prime factors of q.
31
Suppose -941*d + 12417 = -938*d. What are the prime factors of d?
4139
Let s = 7700 + -2637. What are the prime factors of s?
61, 83
Let i = 663 - 462. List the prime factors of i.
3, 67
Suppose 63 = 2*x - 2*g + 5*g, 33 = x + 2*g. Suppose x = 8*z + 3. Suppose -z*m + 48 = -99. What are the prime factors of m?
7
Let o = 624 + -11. What are the prime factors of o?
613
Suppose -2*o - 2*q + 14 = -2, -q + 32 = 3*o. Suppose -p + 2*f + 54 = 0, 2 - o = -2*f. List the prime factors of ((-16)/p)/((-1)/76).
19
What are the prime factors of 124/(26 + -28 - 29/(-14))?
2, 7, 31
Let m = 163 + 85. What are the prime factors of m?
2, 31
Let i = -2861 - -4759. List the prime factors of i.
2, 13, 73
What are the prime factors of (-4)/(-10) + (-165002)/(-170)?
971
Let u = -184 - -370. Let h = u + 12. List the prime factors of h.
2, 3, 11
What are the prime factors of 54/297 + ((-31302)/(-22) - -1)?
2, 89
Suppose i = -19*i + 2580. What are the prime factors of i?
3, 43
Let k(z) = -z**3 - 5*z**2 - 6*z - 6. Let j be k(-4). Let g be ((-2)/4)/((-1)/j). Suppose -5*q + g = -9, -5*m - 5*q = -110. What are the prime factors of m?
2, 5
Suppose -2*m + 5*o = -1811, -m + 2739 = 2*m - 3*o. List the prime factors of m.
2, 3, 17
Let o(h) = h**3 + 26*h**2 - 38*h - 67. Let p be o(-28). Let z = 802 + p. List the prime factors of z.
3, 7, 11
Let n(g) = -5*g - 1. Let r be n(-9). Suppose 0*w + w - r = 0. What are the prime factors of w?
2, 11
Let n = -130 + 140. What are the prime factors of n?
2, 5
Let s(l) = 5*l + 2. Suppose 8*b - 7*b = -2. Let a be 3/b + (-21)/(-6). List the prime factors of s(a).
2, 3
Let o = 1935 - 1268. What are the prime factors of o?
23, 29
Let c = -9 + 9. Suppose -5*x + 2*x - 18 = c. Let z = x + 14. What are the prime factors of z?
2
Let w be 1/(2*1/8). Suppose -8*a + w*a = -8. Suppose -3*f - a*f + 3*q = -145, -f + 3*q + 41 = 0. What are the prime factors of f?
2, 13
Suppose -9*g = -4*g. Suppose k + g*a - 2*a - 164 = 0, 5*k = 4*a + 832. Suppose -4*f + k = f + 4*u, 62 = 2*f - u. List the prime factors of f.
2
Let h(t) = -t**2 - 8*t - 3. Let b be h(-9). Let g be 4/b + 22/3. Suppose -j + g = s - 2*j, 3*s - 29 = -5*j. What are the prime factors of s?
2
Let u = -25 - -15. Let h = 29 + u. List the prime factors of h.
19
Suppose -2*i + 20 = 2*i. Let u = 5 - i. Let w = u + 3. What are the prime factors of w?
3
Let n = -83 - -45. Let a be (n/8 - -2)*-4. Let f = 13 - a. List the prime factors of f.
2
Suppose 0 = -4*y + 2*a + 4986, -4*y + 6*y - 3*a - 2495 = 0. What are the prime factors of y?
2, 7, 89
Suppose 491 = -5*f + 81. Let w = f + 119. List the prime factors of w.
37
Suppose 62 = -h - 12. Let w = 111 + h. Suppose j + 2*b - w = 7*b, -4*b + 69 = 5*j. What are the prime factors of j?
17
Suppose -2*l = 3*l - 5*g - 1830, 0 = 2*l + g - 732. Suppose -9*m + 3*m + l = 0. List the prime factors of m.
61
Let k be 2 + 1/(-3)*-3. Suppose -2*q + 130 = 4*h, 2*h - 4*q + 15 = k*h. Suppose 0 = 6*g + h - 293. List the prime factors of g.
43
Let k(p) = -p**2 - 12*p - 31. Let m be k(-7). Let w = -652 + 1065. List the prime factors of w/28 + 1/m.
3, 5
Let m(j) = j + 9. Suppose 2*i = 2*c - 3*i + 33, 4*i = -4*c + 4. Let x be m(c). Suppose x*s - 339 = -24. What are the prime factors of s?
3, 7
Suppose 5*m + 0 = -3*g - 9, 0 = -2*g - 6. What are the prime factors of m + 17 + 2 + -5?
2, 7
Let j(g) = 5*g**2 - g - g - g**3 + 0*g**3. Let r be j(4). Suppose -x + r = 4*z, -z + 5*x = -0*z - 2. List the prime factors of z.
2
Let m(j) = 6*j**2 + 18*j + 9. List the prime factors of m(6).
3, 37
Suppose 3*b + 24 = -b. Let j(z) = -z**2 - 5*z + 8. Let a be j(b). Suppose 0 = -a*y - 13 + 41. List the prime factors of y.
2, 7
Suppose t + 288 = 4*t + 5*i, 5*t - 4*i = 517. Suppose -r + t - 11 = 0. Suppose 31 = 2*m - 5*b - 32, -3*b = -3*m + r. What are the prime factors of m?
29
Suppose 0 = h - 2*m - 27, -3*m + 119 = 4*h - 0*m. Suppose 4*v - h = 15. List the prime factors of v.
11
Let u(s) = 239*s - 30. What are the prime factors of u(8)?
2, 941
Let l(p) = -p**3 + 11*p**2 + 17*p. Let i be l(12). Suppose -5*g = 4*c - 48, -2*g + i = 5*c - 6*g. Suppose -3*z + c + 27 = 0. What are the prime factors of z?
13
Let m = -9 + 45. Let h = 147 - m. What are the prime factors of h?
3, 37
Suppose -2*x + 128 = -0*x. Let t = 132 - x. Suppose 222 = 2*n + t. What are the prime factors of n?
7, 11
Suppose -14*c + 13425 + 13651 = 0. List the prime factors of c.
2, 967
Let b(i) = -3*i + 18. Let p be b(3). Let s(v) = 13 + 3*v + 4*v - 5*v. List the prime factors of s(p).
31
Suppose 162 = 5*f - 93. Suppose -4*r = -4*l + 264, 2*l - 4*r = 3*l - f. What are the prime factors of l?
3, 7
Let l(k) be the first derivative of -k**4/12 + 13*k**3/6 + 7*k**2/2 - 4*k + 6. Let b(x) be the first derivative of l(x). What are the prime factors of b(11)?
29
Suppose z - 959 + 127 = 0. What are the prime factors of z?
2, 13
Let q(o) = o**3 - 5*o**2 - 5*o - 4. Let l be q(6). Suppose -5*y + 2*p = -l*p - 117, -2*y - 3*p + 56 = 0. What are the prime factors of y?
5
Let h(t) = 2*t**3 - 14*t - 9 + 5*t - 3*t**2 - 3*t**3. Let v be h(-6). Suppose -3*z + 15 + v = 0. List the prime factors of z.
2, 7
Suppose 27*y - 22*y = -1375. Let j = y - -560. What are the prime factors of j?
3, 5, 19
List the prime factors of 8 - -1505 - (3 + -2 + -2).
2, 757
Suppose 0*v = 2*v - m - 7, 5 = -5*m. Suppose 4*p + 137 = b + 4*b, -v*p - 9 = 0. List the prime factors of b.
5
Let v be (-2 + 15/6)*14/1. List the prime factors of 248 + v + -5 + 0.
2, 5
List the prime factors of (-165)/(-105) - 1 - (-78462)/14.
5, 19, 59
Let d(a) = -27*a - 57. Let h(z) = -41*z - 85. Let j(c) = 8*d(c) - 5*h(c). List the prime factors of j(-9).
2, 17
Let l(a) = -a**3 + 8*a**2 + 2*a + 16. Suppose -3*g = 2*o - 23, 4*o - 14 - 20 = -2*g. What are the prime factors of l(o)?
79
Let n = 155 + -95. Let z = 91 - n. List the prime factors of z.
31
Suppose -4*z = -2*z + 2*z. List the prime factors of (z - 6/(-33)) + (-2073)/(-33).
3, 7
Suppose 0 = -8*z + 10*z - 88. Let v = z + 133. What are the prime factors of v?
3, 59
Let n be (-1)/4 - (-12)/(-16). Let h(b) = -110*b - 2. Let i be h(n). Suppose 0 = 3*l - j - 0*j - i, 5*l - 163 = -4*j. List t